01 - -1?
-101101011000111001111100
In base 9, what is -100811 + -261?
-101172
In base 7, what is 3 + 42144350?
42144353
In base 8, what is -2 + -10206?
-10210
In base 11, what is -1588 - 4882?
-635a
In base 4, what is 111303223012 - 0?
111303223012
In base 2, what is 10011001011101110100111 - -101?
10011001011101110101100
In base 9, what is 0 - -278570?
278570
In base 15, what is -e + 1163e2a?
1163e1b
In base 7, what is -162 + -4106321?
-4106513
In base 12, what is 13a1 - -31979?
3315a
In base 15, what is -2357 - -21e?
-2138
In base 3, what is 20 - 102111222021221110?
-102111222021221020
In base 11, what is 4 - -295955?
295959
In base 12, what is b + 55a10b1?
55a1100
In base 16, what is -58d99 + 1cb?
-58bce
In base 7, what is 11022 - 10436?
253
In base 9, what is -1140 + 488062?
486822
In base 5, what is 24 + -1104424132?
-1104424103
In base 7, what is -460 - -240625?
240135
In base 13, what is 98 + -57378?
-572b0
In base 10, what is 5172401 - -5?
5172406
In base 10, what is -430 + 1091986?
1091556
In base 6, what is -41250020424 + -5?
-41250020433
In base 11, what is 9a + 1569074?
1569163
In base 5, what is 12 + -40114201?
-40114134
In base 11, what is -131995 + -227?
-132111
In base 2, what is 101000001 - 1000111000001?
-1000010000000
In base 14, what is -362746 + -17?
-36275d
In base 16, what is -6 + c08cb?
c08c5
In base 8, what is -71111 - 30565?
-121676
In base 4, what is -22 + -330023110?
-330023132
In base 8, what is -7402516 - -1?
-7402515
In base 15, what is -3 - -3841a5c?
3841a59
In base 14, what is -2 - 46012b2?
-46012b4
In base 4, what is -31123 - 3200013?
-3231202
In base 7, what is 13422545 - 210?
13422335
In base 9, what is -63 - 205200?
-205263
In base 4, what is 11 - 113002301?
-113002230
In base 4, what is 22 - 100330333130?
-100330333102
In base 11, what is -4 + 8862?
8859
In base 5, what is 10 + -23122304040?
-23122304030
In base 4, what is -30001103 + 10232?
-23330211
In base 11, what is -1a - -8733456?
8733437
In base 6, what is 55214 - -11223?
110441
In base 2, what is -10101011101110111100001011 - 101?
-10101011101110111100010000
In base 3, what is -1102111 + 22122120?
21020002
In base 3, what is -1000121111000112 - -1200?
-1000121110221212
In base 4, what is -3 + -31010330110?
-31010330113
In base 9, what is 24148246 + 1?
24148247
In base 9, what is -148 + -666172?
-666331
In base 12, what is 12332 - 5a0?
11952
In base 13, what is c + -2bb7a1?
-2bb792
In base 16, what is 2 - 1f7e22?
-1f7e20
In base 9, what is -225 - -72040?
71714
In base 14, what is 429344 - 7?
42933b
In base 13, what is 6a1 - 3c04b?
-3b67a
In base 12, what is 300023b - -a?
3000249
In base 7, what is -2200 + -12260142?
-12262342
In base 2, what is 11100000 - -1101000010110111101?
1101000011010011101
In base 12, what is -352a6 + 445b?
-30a47
In base 16, what is -6d694a - 2e?
-6d6978
In base 12, what is -76 - -28540?
28486
In base 14, what is -4 - -95259d1?
95259cb
In base 2, what is 10010111111110010 - -1001100011111?
10100001100010001
In base 5, what is -100020 + -241422?
-341442
In base 4, what is 2012321220 + 12?
2012321232
In base 14, what is -2d5c2 - -22?
-2d5a0
In base 10, what is -4 - 49753983?
-49753987
In base 4, what is -111023230 - -3332?
-111013232
In base 3, what is 221212201002 - -201?
221212201210
In base 15, what is 574b9d - -3?
574ba1
In base 14, what is -331 - 16a6?
-19d7
In base 7, what is 1414562 - 635?
1413624
In base 5, what is -20332 + -234123?
-310010
In base 14, what is 997881 - 7?
997878
In base 9, what is 1 + -111326472?
-111326471
In base 4, what is -320220023 - 101000?
-320321023
In base 12, what is 4339a40 + 5?
4339a45
In base 3, what is -211112 + -102011020?
-102222202
In base 8, what is -3 - -20347677?
20347674
In base 6, what is 122112430 - -25?
122112455
In base 6, what is 5154 + -3033133?
-3023535
In base 3, what is 11 + 10101012001112221?
10101012001120002
In base 15, what is 4333 + -ba?
4268
In base 11, what is -15021 - -1a81?
-13050
In base 7, what is 334224040 - -4?
334224044
In base 10, what is 11499 - 615?
10884
In base 10, what is -4 + -124182573?
-124182577
In base 12, what is -304 + -194671?
-194975
In base 14, what is 16b35 + -689?
1648a
In base 16, what is -23 + 5185f?
5183c
In base 16, what is f539df + 6?
f539e5
In base 14, what is -67bd8c - 2?
-67bd90
In base 10, what is -108 + 3898645?
3898537
In base 2, what is 1000010100000010101 - 1010?
1000010100000001011
In base 13, what is 74566bb4 + -1?
74566bb3
In base 14, what is 3c + -24c09?
-24bab
In base 9, what is 124472723 + 5?
124472728
In base 7, what is 41414 + -2351?
36033
In base 2, what is -1 - -10001001011101000110011?
10001001011101000110010
In base 15, what is -2483a + 5?
-24835
In base 7, what is 102201 - -33?
102234
In base 15, what is -246 + -40e3?
-4339
In base 4, what is 1321303303 - 1021?
1321302222
In base 11, what is 652 - 4a990?
-4a339
In base 14, what is -2a932263 + 4?
-2a93225d
In base 9, what is -2 + 54367203?
54367201
In base 8, what is -327073317 - 3?
-327073322
In base 4, what is -230023101 - -200?
-230022301
In base 14, what is -8 - 4a85d49?
-4a85d53
In base 6, what is 51510 - -3345?
55255
In base 15, what is -a9aa0 - -3e?
-a9a61
In base 11, what is -34793830 + 3?
-34793828
In base 7, what is 145 + -461624?
-461446
In base 2, what is 10001101 + 1011011111000010010?
1011011111010011111
In base 10, what is 26564 - -13370?
39934
In base 7, what is -15 - -55361052?
55361034
In base 16, what is -2 + -56657e8?
-56657ea
In base 5, what is -10324 + 11400413?
11340034
In base 7, what is -5 + 23346563?
23346555
In base 6, what is 22031513 - 52?
22031421
In base 7, what is 2 - -41200036?
41200041
In base 13, what is -242b - 1357?
-3785
In base 11, what is 19153 - 319?
18935
In base 2, what is -1011100100011110111 - -1110010?
-1011100100010000101
In base 4, what is 2123022311 + -21?
2123022230
In base 7, what is 101413 + 2616?
104332
In base 11, what is 0 - -a20a9?
a20a9
In base 13, what is -4573 + -2c3a?
-74b0
In base 16, what is 249 + 18be3?
18e2c
In base 12, what is 2475 - -338?
27b1
In base 11, what is 6 - 2773863?
-2773858
In base 3, what is 2 + -21100211111100?
-21100211111021
In base 2, what is -100110111111001100100000010 + 1000?
-100110111111001100011111010
In base 7, what is 411 + -4145421?
-4145010
In base 10, what is 2064 - 2065?
-1
In base 15, what is 6ea - -c44a?
cb45
In base 10, what is -14 + 42770?
42756
In base 11, what is 6 + -22350020?
-22350015
In base 3, what is -1011010100120 + -102?
-1011010100222
In base 11, what is -21 - 87472?
-87493
In base 2, what is 10100110010110101100111 - -1000?
10100110010110101101111
In base 12, what is 172775b2 - -8?
172775ba
In base 3, what is 2020122212020011 - -10?
2020122212020021
In base 9, what is -3 + 41322680?
41322676
In base 9, what is 107 - -2525368?
2525476
In base 5, what is -20304014 - 33321?
-20342340
In base 4, what is 320012 + 100?
320112
In base 12, what is 20 + -3aa699?
-3aa679
In base 10, what is -723 + 139068?
138345
In base 7, what is 103635 - -256260?
363225
In base 10, what is -323362 - 233?
-323595
In base 9, what is -2665785 + -23?
-2665818
In base 6, what is 30 + 353230544?
353231014
In base 16, what is -530711f - -4?
-530711b
In base 16, what is -3d5422 - 4?
-3d5426
In base 15, what is 0 + 15ba400?
15ba400
In base 12, what is 39b8a0 - 18?
39b884
In base 6, what is -34145 + -20454?
-55043
In base 5, what is -2340 - -311140?
303300
In base 15, what is -7aae + 1034?
-6a7a
In base 7, what is 131 - -5141536?
5142000
In base 7, what is 102 - 16351031?
-16350626
In base 3, what is -110011 - -11101122122?
11101012111
In base 4, what is -11 - 300102022121?
-300102022132
In base 16, what is -7 - -303cfe6?
303cfdf
In base 5, what is -4 + 124230000320?
124230000311
In base 6, what is 1 - 55243052?
-55243051
In base 2, what is 11001000011 + -101010001?
10011110010
In base 13, what is -2a4 + -78425?
-786c9
In base 16, what is 4 + -11abc6?
-11abc2
In base 11, what is 17155 + 449?
175a3
In base 12, what is 1b398 - 43?
1b355
In base 5, what is 1224244 + 120?
1224414
In base 10, what is -810061 + -9?
-810070
In base 4, what is 1110113103 + 101?
1110113210
In base 7, what is -12102603125 - 4?
-12102603132
In base 3, what is 2001020221010201 + 0?
2001020221010201
In base 2, what is